{"id":117,"date":"2024-02-22T17:55:47","date_gmt":"2024-02-22T16:55:47","guid":{"rendered":"https:\/\/vaubanlabs.com\/?page_id=117"},"modified":"2024-04-11T14:26:25","modified_gmt":"2024-04-11T12:26:25","slug":"politique-de-confidentialite","status":"publish","type":"page","link":"https:\/\/vaubanlabs.com\/index.php\/politique-de-confidentialite\/","title":{"rendered":"Politique de confidentialit\u00e9"},"content":{"rendered":"\n<p>VaubanLabs SAS, responsable du traitement de vos donn\u00e9es personnelles relatives au site internet, attache une grande importance \u00e0 la protection des donn\u00e9es personnelles et au respect de votre vie priv\u00e9e. L\u2019adresse de notre site est&nbsp;: https:\/\/vaubanlabs.com<\/p>\n\n\n\n<p>La pr\u00e9sente Politique de confidentialit\u00e9 pourrait \u00e9voluer en fonction du contexte l\u00e9gal et r\u00e9glementaire et de la doctrine des institutions se conformant au General Data Protection Regulation <em>[regulation (UE) 2016\/679]<\/em>.<\/p>\n\n\n\n<h2 class=\"wp-block-heading\">Donn\u00e9es collect\u00e9es<\/h2>\n\n\n\n<p>Les Informations relatives \u00e0 votre navigation sur le site internet comprennent les informations standard de votre navigateur Web (par exemple, le type et la langue de votre navigateur), votre adresse IP et les actions r\u00e9alis\u00e9es sur le site internet (par exemple, les pages consult\u00e9es et les liens sur lesquels vous avez cliqu\u00e9). Pour en savoir plus sur la collecte d\u2019Informations relatives \u00e0 votre navigation sur le site internet par nous et des tiers, reportez-vous au paragraphe \u00ab\u00a0utilisation des donn\u00e9es collect\u00e9es\u00a0\u00bb ci-dessous. Nous veillons \u00e0 ne collecter que des donn\u00e9es strictement n\u00e9cessaires \u00e0 la finalit\u00e9 des traitements mis en \u0153uvre.<\/p>\n\n\n\n<h2 class=\"wp-block-heading\">Utilisation des donn\u00e9es collect\u00e9es<\/h2>\n\n\n\n<h2 class=\"wp-block-heading\">Cookies<\/h2>\n\n\n\n<p>Si vous vous rendez sur la page de connexion, un cookie temporaire sera cr\u00e9\u00e9 afin de d\u00e9terminer si votre navigateur accepte les cookies. Il ne contient pas de donn\u00e9es personnelles et sera supprim\u00e9 automatiquement \u00e0 la fermeture de votre navigateur.<\/p>\n\n\n\n<p>Lorsque vous vous connecterez, nous mettrons en place un certain nombre de cookies pour enregistrer vos informations de connexion et vos pr\u00e9f\u00e9rences d\u2019\u00e9cran. La dur\u00e9e de vie d\u2019un cookie de connexion est de deux jours, celle d\u2019un cookie d\u2019option d\u2019\u00e9cran est d\u2019un an. Si vous cochez \u00ab&nbsp;Se souvenir de moi&nbsp;\u00bb, votre cookie de connexion sera conserv\u00e9 pendant deux semaines. Si vous vous d\u00e9connectez de votre compte, le cookie de connexion sera effac\u00e9.<\/p>\n\n\n\n<p>En modifiant ou en publiant une publication, un cookie suppl\u00e9mentaire sera enregistr\u00e9 dans votre navigateur. Ce cookie ne comprend aucune donn\u00e9e personnelle. Il indique simplement l\u2019ID de la publication que vous venez de modifier. Il expire au bout d\u2019un jour.<\/p>\n\n\n\n<h2 class=\"wp-block-heading\">Contenu embarqu\u00e9 depuis d\u2019autres sites<\/h2>\n\n\n\n<p>Les articles de ce site peuvent inclure des contenus int\u00e9gr\u00e9s (par exemple des vid\u00e9os, images, articles\u2026). Le contenu int\u00e9gr\u00e9 depuis d\u2019autres sites se comporte de la m\u00eame mani\u00e8re que si le visiteur se rendait sur cet autre site.<\/p>\n\n\n\n<p>Ces sites web pourraient collecter des donn\u00e9es sur vous, utiliser des cookies, embarquer des outils de suivis tiers, suivre vos interactions avec ces contenus embarqu\u00e9s si vous disposez d\u2019un compte connect\u00e9 sur leur site web. Nous vous invitons \u00e0 prendre connaissance de la politique de confidentialit\u00e9 et du traitement de vos donn\u00e9es directement aupr\u00e8s de ce(s) site(s).<\/p>\n\n\n\n<h2 class=\"wp-block-heading\">Statistiques et mesures d&rsquo;audience<\/h2>\n\n\n\n<p>Le site utilise WP Statistics afin de collecter les donn\u00e9es pr\u00e9sentes dans les cookies. Ces cookies et outils de suivis permettent d\u2019analyser les comportements et suivre les interactions avec les contenus propos\u00e9s afin d\u2019am\u00e9liorer leur qualit\u00e9 et votre exp\u00e9rience utilisateur en continue.<\/p>\n\n\n\n<p>La mesure d\u2019audience des pages du site internet, afin de permettre une \u00e9valuation des contenus publi\u00e9s et de l\u2019ergonomie du site, sans pour autant permettre l\u2019identification des personnes. Les donn\u00e9es collect\u00e9es ne seront pas recoup\u00e9es avec d\u2019autres traitements. Enfin, les informations de cookies anonymis\u00e9es seront conserv\u00e9es pendant une dur\u00e9e de 13 mois.<\/p>\n\n\n\n<p>Nous recueillons des informations sur vous lors de votre visite sur le site web. Informations collect\u00e9es et stock\u00e9es.<br>Au cours de votre visite, nous surveillons : <\/p>\n\n\n\n<ul class=\"wp-block-list\">\n<li>les pages consult\u00e9es : Cela nous aide \u00e0 analyser les statistiques d&rsquo;utilisation du site et \u00e0 comprendre le comportement des utilisateurs.<\/li>\n\n\n\n<li>L&rsquo;agent utilisateur du navigateur : nous l&rsquo;utiliserons pour cr\u00e9er des graphiques sur les pages vues, les navigateurs les plus utilis\u00e9s, etc.<\/li>\n\n\n\n<li>Une cha\u00eene anonyme cr\u00e9\u00e9e \u00e0 partir de votre adresse IP, par exemple, 888.888.888.888 &gt; 888.888.888.000).<\/li>\n\n\n\n<li>Une cha\u00eene hach\u00e9e (\u00ab\u00a0hashed string\u00a0\u00bb) cr\u00e9\u00e9e \u00e0 partir de votre adresse IP.<\/li>\n<\/ul>\n\n\n\n<p><\/p>\n\n\n\n<h2 class=\"wp-block-heading\">Utilisation et transmission de vos donn\u00e9es personnelles<\/h2>\n\n\n\n<p>Nous ne collectons pas de donn\u00e9es personnelles, seulement les cookies et donn\u00e9es pouvant servir aux outils de mesure statistique \u00e9voqu\u00e9s au paragraphe \u00ab\u00a0Statistiques et mesures d&rsquo;audience\u00a0\u00bb.<\/p>\n\n\n\n<p>Pour consulter les informations l\u00e9gales du Site, suivez le lien ci-contre : <em><a href=\"https:\/\/vaubanlabs.com\/index.php\/mentions-legales\/\">Mentions l\u00e9gales.<\/a><\/em><\/p>\n","protected":false},"excerpt":{"rendered":"<p>VaubanLabs SAS, responsable du traitement de vos donn\u00e9es personnelles relatives au site internet, attache une grande importance \u00e0 la protection des donn\u00e9es personnelles et au respect de votre vie priv\u00e9e.<\/p>\n<p><a href=\"https:\/\/vaubanlabs.com\/index.php\/politique-de-confidentialite\/\" class=\"more-link\">Continue reading<span class=\"screen-reader-text\">Politique de confidentialit\u00e9<\/span><\/a><\/p>\n","protected":false},"author":4,"featured_media":0,"parent":0,"menu_order":0,"comment_status":"closed","ping_status":"closed","template":"","meta":{"footnotes":""},"class_list":["post-117","page","type-page","status-publish","hentry"],"yoast_head":"<!-- This site is optimized with the Yoast SEO plugin v27.4 - https:\/\/yoast.com\/product\/yoast-seo-wordpress\/ -->\n<title>Politique de confidentialit\u00e9 - VaubanLabs<\/title>\n<meta name=\"description\" content=\"politique en mati\u00e8re de collecte des donn\u00e9es et cookies, de l&#039;utilisation des donn\u00e9es.\" \/>\n<meta name=\"robots\" content=\"index, follow, max-snippet:-1, max-image-preview:large, max-video-preview:-1\" \/>\n<link rel=\"canonical\" href=\"https:\/\/vaubanlabs.com\/index.php\/politique-de-confidentialite\/\" \/>\n<meta property=\"og:locale\" content=\"fr_FR\" \/>\n<meta property=\"og:type\" content=\"article\" \/>\n<meta property=\"og:title\" content=\"Politique de confidentialit\u00e9 - VaubanLabs\" \/>\n<meta property=\"og:description\" content=\"politique en mati\u00e8re de collecte des donn\u00e9es et cookies, de l&#039;utilisation des donn\u00e9es.\" \/>\n<meta property=\"og:url\" content=\"https:\/\/vaubanlabs.com\/index.php\/politique-de-confidentialite\/\" \/>\n<meta property=\"og:site_name\" content=\"VaubanLabs\" \/>\n<meta property=\"article:modified_time\" content=\"2024-04-11T12:26:25+00:00\" \/>\n<meta property=\"og:image\" content=\"https:\/\/i0.wp.com\/vaubanlabs.com\/wp-content\/uploads\/2024\/01\/cropped-Capture-decran-2024-01-27-a-14.43.17-3.png?fit=512%2C512&ssl=1\" \/>\n\t<meta property=\"og:image:width\" content=\"512\" \/>\n\t<meta property=\"og:image:height\" content=\"512\" \/>\n\t<meta property=\"og:image:type\" content=\"image\/png\" \/>\n<meta name=\"twitter:card\" content=\"summary_large_image\" \/>\n<meta name=\"twitter:site\" content=\"@vaubanlabs\" \/>\n<meta name=\"twitter:label1\" content=\"Dur\u00e9e de lecture estim\u00e9e\" \/>\n\t<meta name=\"twitter:data1\" content=\"4 minutes\" \/>\n<script type=\"application\/ld+json\" class=\"yoast-schema-graph\">{\"@context\":\"https:\\\/\\\/schema.org\",\"@graph\":[{\"@type\":\"WebPage\",\"@id\":\"https:\\\/\\\/vaubanlabs.com\\\/index.php\\\/politique-de-confidentialite\\\/\",\"url\":\"https:\\\/\\\/vaubanlabs.com\\\/index.php\\\/politique-de-confidentialite\\\/\",\"name\":\"Politique de confidentialit\u00e9 - VaubanLabs\",\"isPartOf\":{\"@id\":\"https:\\\/\\\/vaubanlabs.com\\\/#website\"},\"datePublished\":\"2024-02-22T16:55:47+00:00\",\"dateModified\":\"2024-04-11T12:26:25+00:00\",\"description\":\"politique en mati\u00e8re de collecte des donn\u00e9es et cookies, de l'utilisation des donn\u00e9es.\",\"breadcrumb\":{\"@id\":\"https:\\\/\\\/vaubanlabs.com\\\/index.php\\\/politique-de-confidentialite\\\/#breadcrumb\"},\"inLanguage\":\"fr-FR\",\"potentialAction\":[{\"@type\":\"ReadAction\",\"target\":[\"https:\\\/\\\/vaubanlabs.com\\\/index.php\\\/politique-de-confidentialite\\\/\"]}]},{\"@type\":\"BreadcrumbList\",\"@id\":\"https:\\\/\\\/vaubanlabs.com\\\/index.php\\\/politique-de-confidentialite\\\/#breadcrumb\",\"itemListElement\":[{\"@type\":\"ListItem\",\"position\":1,\"name\":\"Home\",\"item\":\"https:\\\/\\\/vaubanlabs.com\\\/\"},{\"@type\":\"ListItem\",\"position\":2,\"name\":\"Politique de confidentialit\u00e9\"}]},{\"@type\":\"WebSite\",\"@id\":\"https:\\\/\\\/vaubanlabs.com\\\/#website\",\"url\":\"https:\\\/\\\/vaubanlabs.com\\\/\",\"name\":\"VaubanLabs\",\"description\":\"L&#039;architecte de vos solutions\",\"publisher\":{\"@id\":\"https:\\\/\\\/vaubanlabs.com\\\/#organization\"},\"potentialAction\":[{\"@type\":\"SearchAction\",\"target\":{\"@type\":\"EntryPoint\",\"urlTemplate\":\"https:\\\/\\\/vaubanlabs.com\\\/?s={search_term_string}\"},\"query-input\":{\"@type\":\"PropertyValueSpecification\",\"valueRequired\":true,\"valueName\":\"search_term_string\"}}],\"inLanguage\":\"fr-FR\"},{\"@type\":\"Organization\",\"@id\":\"https:\\\/\\\/vaubanlabs.com\\\/#organization\",\"name\":\"VaubanLabs\",\"url\":\"https:\\\/\\\/vaubanlabs.com\\\/\",\"logo\":{\"@type\":\"ImageObject\",\"inLanguage\":\"fr-FR\",\"@id\":\"https:\\\/\\\/vaubanlabs.com\\\/#\\\/schema\\\/logo\\\/image\\\/\",\"url\":\"https:\\\/\\\/vaubanlabs.com\\\/wp-content\\\/uploads\\\/2024\\\/01\\\/cropped-Capture-decran-2024-01-27-a-14.43.17-3.png\",\"contentUrl\":\"https:\\\/\\\/vaubanlabs.com\\\/wp-content\\\/uploads\\\/2024\\\/01\\\/cropped-Capture-decran-2024-01-27-a-14.43.17-3.png\",\"width\":512,\"height\":512,\"caption\":\"VaubanLabs\"},\"image\":{\"@id\":\"https:\\\/\\\/vaubanlabs.com\\\/#\\\/schema\\\/logo\\\/image\\\/\"},\"sameAs\":[\"https:\\\/\\\/x.com\\\/vaubanlabs\"]}]}<\/script>\n<!-- \/ Yoast SEO plugin. -->","yoast_head_json":{"title":"Politique de confidentialit\u00e9 - VaubanLabs","description":"politique en mati\u00e8re de collecte des donn\u00e9es et cookies, de l'utilisation des donn\u00e9es.","robots":{"index":"index","follow":"follow","max-snippet":"max-snippet:-1","max-image-preview":"max-image-preview:large","max-video-preview":"max-video-preview:-1"},"canonical":"https:\/\/vaubanlabs.com\/index.php\/politique-de-confidentialite\/","og_locale":"fr_FR","og_type":"article","og_title":"Politique de confidentialit\u00e9 - VaubanLabs","og_description":"politique en mati\u00e8re de collecte des donn\u00e9es et cookies, de l'utilisation des donn\u00e9es.","og_url":"https:\/\/vaubanlabs.com\/index.php\/politique-de-confidentialite\/","og_site_name":"VaubanLabs","article_modified_time":"2024-04-11T12:26:25+00:00","og_image":[{"width":512,"height":512,"url":"https:\/\/i0.wp.com\/vaubanlabs.com\/wp-content\/uploads\/2024\/01\/cropped-Capture-decran-2024-01-27-a-14.43.17-3.png?fit=512%2C512&ssl=1","type":"image\/png"}],"twitter_card":"summary_large_image","twitter_site":"@vaubanlabs","twitter_misc":{"Dur\u00e9e de lecture estim\u00e9e":"4 minutes"},"schema":{"@context":"https:\/\/schema.org","@graph":[{"@type":"WebPage","@id":"https:\/\/vaubanlabs.com\/index.php\/politique-de-confidentialite\/","url":"https:\/\/vaubanlabs.com\/index.php\/politique-de-confidentialite\/","name":"Politique de confidentialit\u00e9 - VaubanLabs","isPartOf":{"@id":"https:\/\/vaubanlabs.com\/#website"},"datePublished":"2024-02-22T16:55:47+00:00","dateModified":"2024-04-11T12:26:25+00:00","description":"politique en mati\u00e8re de collecte des donn\u00e9es et cookies, de l'utilisation des donn\u00e9es.","breadcrumb":{"@id":"https:\/\/vaubanlabs.com\/index.php\/politique-de-confidentialite\/#breadcrumb"},"inLanguage":"fr-FR","potentialAction":[{"@type":"ReadAction","target":["https:\/\/vaubanlabs.com\/index.php\/politique-de-confidentialite\/"]}]},{"@type":"BreadcrumbList","@id":"https:\/\/vaubanlabs.com\/index.php\/politique-de-confidentialite\/#breadcrumb","itemListElement":[{"@type":"ListItem","position":1,"name":"Home","item":"https:\/\/vaubanlabs.com\/"},{"@type":"ListItem","position":2,"name":"Politique de confidentialit\u00e9"}]},{"@type":"WebSite","@id":"https:\/\/vaubanlabs.com\/#website","url":"https:\/\/vaubanlabs.com\/","name":"VaubanLabs","description":"L&#039;architecte de vos solutions","publisher":{"@id":"https:\/\/vaubanlabs.com\/#organization"},"potentialAction":[{"@type":"SearchAction","target":{"@type":"EntryPoint","urlTemplate":"https:\/\/vaubanlabs.com\/?s={search_term_string}"},"query-input":{"@type":"PropertyValueSpecification","valueRequired":true,"valueName":"search_term_string"}}],"inLanguage":"fr-FR"},{"@type":"Organization","@id":"https:\/\/vaubanlabs.com\/#organization","name":"VaubanLabs","url":"https:\/\/vaubanlabs.com\/","logo":{"@type":"ImageObject","inLanguage":"fr-FR","@id":"https:\/\/vaubanlabs.com\/#\/schema\/logo\/image\/","url":"https:\/\/vaubanlabs.com\/wp-content\/uploads\/2024\/01\/cropped-Capture-decran-2024-01-27-a-14.43.17-3.png","contentUrl":"https:\/\/vaubanlabs.com\/wp-content\/uploads\/2024\/01\/cropped-Capture-decran-2024-01-27-a-14.43.17-3.png","width":512,"height":512,"caption":"VaubanLabs"},"image":{"@id":"https:\/\/vaubanlabs.com\/#\/schema\/logo\/image\/"},"sameAs":["https:\/\/x.com\/vaubanlabs"]}]}},"jetpack_sharing_enabled":true,"_links":{"self":[{"href":"https:\/\/vaubanlabs.com\/index.php\/wp-json\/wp\/v2\/pages\/117","targetHints":{"allow":["GET"]}}],"collection":[{"href":"https:\/\/vaubanlabs.com\/index.php\/wp-json\/wp\/v2\/pages"}],"about":[{"href":"https:\/\/vaubanlabs.com\/index.php\/wp-json\/wp\/v2\/types\/page"}],"author":[{"embeddable":true,"href":"https:\/\/vaubanlabs.com\/index.php\/wp-json\/wp\/v2\/users\/4"}],"replies":[{"embeddable":true,"href":"https:\/\/vaubanlabs.com\/index.php\/wp-json\/wp\/v2\/comments?post=117"}],"version-history":[{"count":10,"href":"https:\/\/vaubanlabs.com\/index.php\/wp-json\/wp\/v2\/pages\/117\/revisions"}],"predecessor-version":[{"id":175,"href":"https:\/\/vaubanlabs.com\/index.php\/wp-json\/wp\/v2\/pages\/117\/revisions\/175"}],"wp:attachment":[{"href":"https:\/\/vaubanlabs.com\/index.php\/wp-json\/wp\/v2\/media?parent=117"}],"curies":[{"name":"wp","href":"https:\/\/api.w.org\/{rel}","templated":true}]}}