{"id":121,"date":"2024-02-22T16:43:44","date_gmt":"2024-02-22T15:43:44","guid":{"rendered":"https:\/\/vaubanlabs.com\/?page_id=121"},"modified":"2024-04-25T12:27:06","modified_gmt":"2024-04-25T10:27:06","slug":"notre-expertise","status":"publish","type":"page","link":"https:\/\/vaubanlabs.com\/index.php\/notre-expertise\/","title":{"rendered":"A propos de nous"},"content":{"rendered":"\n<h2 class=\"wp-block-heading\">Organiser et optimiser les services et les outils de l&rsquo;entreprise<\/h2>\n\n\n\n<p>En tant qu&rsquo;expert en architecture de syst\u00e8mes, nous pouvons vous aider \u00e0 concevoir et \u00e0 mettre en \u0153uvre des syst\u00e8mes robustes, \u00e9volutifs et s\u00e9curis\u00e9s qui r\u00e9pondent aux besoins de votre entreprise. Notre expertise en informatique, en urbanisation et en nouvelles technologies nous permet une compr\u00e9hension approfondie des principes de conception des syst\u00e8mes, des mod\u00e8les d&rsquo;architecture et des technologies \u00e9mergentes. Nous pouvons vous conseiller sur le choix des outils et des technologies adapt\u00e9s \u00e0 votre projet, ainsi que sur les meilleures pratiques en mati\u00e8re d&rsquo;int\u00e9gration et de test des syst\u00e8mes.<\/p>\n\n\n\n<p>Nous avons une grande exp\u00e9rience de la conception et de la mise en \u0153uvre de syst\u00e8mes pour divers secteurs, notamment l\u2019industrie, la finance et le commerce \u00e9lectronique. Que ce soit en syst\u00e8mes traditionnels On Premise ou des syst\u00e8mes bas\u00e9s sur le cloud, nous pouvons vous aider \u00e0 choisir la meilleure approche pour vos besoins sp\u00e9cifiques.<\/p>\n\n\n\n<p>Voici quelques-uns de nos principaux domaines d\u2019expertise :<\/p>\n\n\n\n<ul class=\"wp-block-list\">\n<li>Conception et architecture de syst\u00e8mes<\/li>\n\n\n\n<li>L&rsquo;informatique en cloud et les applications natives en cloud<\/li>\n\n\n\n<li>Nouvelles technologies et leurs applications (Blockchain, Intelligence Artificielle)<\/li>\n\n\n\n<li>Int\u00e9gration de logiciels m\u00e9tiers (ERP, CRM, WMS, &#8230;)<\/li>\n\n\n\n<li>S\u00e9curit\u00e9 et conformit\u00e9<\/li>\n\n\n\n<li>M\u00e9thodologies de d\u00e9veloppement Agile<\/li>\n\n\n\n<li>Formations sur les nouvelles technologies<\/li>\n<\/ul>\n\n\n<div class=\"wp-block-image\">\n<figure class=\"aligncenter size-large is-resized\"><img data-recalc-dims=\"1\" loading=\"lazy\" decoding=\"async\" width=\"1024\" height=\"1015\" src=\"https:\/\/i0.wp.com\/vaubanlabs.com\/wp-content\/uploads\/2024\/01\/illustration-architecture.png?resize=1024%2C1015&#038;ssl=1\" alt=\"\" class=\"wp-image-36\" style=\"width:388px;height:auto\" srcset=\"https:\/\/i0.wp.com\/vaubanlabs.com\/wp-content\/uploads\/2024\/01\/illustration-architecture.png?resize=1024%2C1015&amp;ssl=1 1024w, https:\/\/i0.wp.com\/vaubanlabs.com\/wp-content\/uploads\/2024\/01\/illustration-architecture.png?resize=100%2C100&amp;ssl=1 100w, https:\/\/i0.wp.com\/vaubanlabs.com\/wp-content\/uploads\/2024\/01\/illustration-architecture.png?resize=600%2C595&amp;ssl=1 600w, https:\/\/i0.wp.com\/vaubanlabs.com\/wp-content\/uploads\/2024\/01\/illustration-architecture.png?resize=300%2C297&amp;ssl=1 300w, https:\/\/i0.wp.com\/vaubanlabs.com\/wp-content\/uploads\/2024\/01\/illustration-architecture.png?resize=150%2C150&amp;ssl=1 150w, https:\/\/i0.wp.com\/vaubanlabs.com\/wp-content\/uploads\/2024\/01\/illustration-architecture.png?resize=768%2C761&amp;ssl=1 768w, https:\/\/i0.wp.com\/vaubanlabs.com\/wp-content\/uploads\/2024\/01\/illustration-architecture.png?w=1334&amp;ssl=1 1334w\" sizes=\"auto, (max-width: 1000px) 100vw, 1000px\" \/><\/figure>\n<\/div>\n\n\n<p>La passion nous anime et nous restons au courant des derni\u00e8res technologies et tendances dans le domaine des syst\u00e8mes d&rsquo;information. Toujours \u00e0 la recherche de solutions nouvelles et innovantes \u00e0 des probl\u00e8mes complexes, nous sommes convaincus que nous pouvons apporter de la valeur \u00e0 votre organisation et vous aider \u00e0 atteindre vos objectifs.<\/p>\n\n\n\n<p>Retour \u00e0 <a href=\"https:\/\/vaubanlabs.com\/\">l&rsquo;accueil<\/a><\/p>\n","protected":false},"excerpt":{"rendered":"<p>Organiser et optimiser les services et les outils de l&rsquo;entreprise En tant qu&rsquo;expert en architecture de syst\u00e8mes, nous pouvons vous aider \u00e0 concevoir et \u00e0 mettre en \u0153uvre des syst\u00e8mes<\/p>\n<p><a href=\"https:\/\/vaubanlabs.com\/index.php\/notre-expertise\/\" class=\"more-link\">Continue reading<span class=\"screen-reader-text\">A propos de nous<\/span><\/a><\/p>\n","protected":false},"author":2,"featured_media":0,"parent":0,"menu_order":0,"comment_status":"closed","ping_status":"closed","template":"","meta":{"footnotes":""},"class_list":["post-121","page","type-page","status-publish","hentry"],"yoast_head":"<!-- This site is optimized with the Yoast SEO plugin v27.4 - https:\/\/yoast.com\/product\/yoast-seo-wordpress\/ -->\n<title>A propos de nous - VaubanLabs<\/title>\n<meta name=\"description\" content=\"r\u00e9sum\u00e9 de notre expertise et en quoi nous pouvons vous aider \u00e0 trouver des solutions concr\u00e8tes pour d\u00e9velopper et optimiser votre entreprise\" \/>\n<meta name=\"robots\" content=\"index, follow, max-snippet:-1, max-image-preview:large, max-video-preview:-1\" \/>\n<link rel=\"canonical\" href=\"https:\/\/vaubanlabs.com\/index.php\/notre-expertise\/\" \/>\n<meta property=\"og:locale\" content=\"fr_FR\" \/>\n<meta property=\"og:type\" content=\"article\" \/>\n<meta property=\"og:title\" content=\"A propos de nous - VaubanLabs\" \/>\n<meta property=\"og:description\" content=\"r\u00e9sum\u00e9 de notre expertise et en quoi nous pouvons vous aider \u00e0 trouver des solutions concr\u00e8tes pour d\u00e9velopper et optimiser votre entreprise\" \/>\n<meta property=\"og:url\" content=\"https:\/\/vaubanlabs.com\/index.php\/notre-expertise\/\" \/>\n<meta property=\"og:site_name\" content=\"VaubanLabs\" \/>\n<meta property=\"article:modified_time\" content=\"2024-04-25T10:27:06+00:00\" \/>\n<meta property=\"og:image\" content=\"http:\/\/vaubanlabs.com\/wp-content\/uploads\/2024\/01\/illustration-architecture-1024x1015.png\" \/>\n<meta name=\"twitter:card\" content=\"summary_large_image\" \/>\n<meta name=\"twitter:site\" content=\"@vaubanlabs\" \/>\n<meta name=\"twitter:label1\" content=\"Dur\u00e9e de lecture estim\u00e9e\" \/>\n\t<meta name=\"twitter:data1\" content=\"2 minutes\" \/>\n<script type=\"application\/ld+json\" class=\"yoast-schema-graph\">{\"@context\":\"https:\\\/\\\/schema.org\",\"@graph\":[{\"@type\":\"WebPage\",\"@id\":\"https:\\\/\\\/vaubanlabs.com\\\/index.php\\\/notre-expertise\\\/\",\"url\":\"https:\\\/\\\/vaubanlabs.com\\\/index.php\\\/notre-expertise\\\/\",\"name\":\"A propos de nous - VaubanLabs\",\"isPartOf\":{\"@id\":\"https:\\\/\\\/vaubanlabs.com\\\/#website\"},\"primaryImageOfPage\":{\"@id\":\"https:\\\/\\\/vaubanlabs.com\\\/index.php\\\/notre-expertise\\\/#primaryimage\"},\"image\":{\"@id\":\"https:\\\/\\\/vaubanlabs.com\\\/index.php\\\/notre-expertise\\\/#primaryimage\"},\"thumbnailUrl\":\"http:\\\/\\\/vaubanlabs.com\\\/wp-content\\\/uploads\\\/2024\\\/01\\\/illustration-architecture-1024x1015.png\",\"datePublished\":\"2024-02-22T15:43:44+00:00\",\"dateModified\":\"2024-04-25T10:27:06+00:00\",\"description\":\"r\u00e9sum\u00e9 de notre expertise et en quoi nous pouvons vous aider \u00e0 trouver des solutions concr\u00e8tes pour d\u00e9velopper et optimiser votre entreprise\",\"breadcrumb\":{\"@id\":\"https:\\\/\\\/vaubanlabs.com\\\/index.php\\\/notre-expertise\\\/#breadcrumb\"},\"inLanguage\":\"fr-FR\",\"potentialAction\":[{\"@type\":\"ReadAction\",\"target\":[\"https:\\\/\\\/vaubanlabs.com\\\/index.php\\\/notre-expertise\\\/\"]}]},{\"@type\":\"ImageObject\",\"inLanguage\":\"fr-FR\",\"@id\":\"https:\\\/\\\/vaubanlabs.com\\\/index.php\\\/notre-expertise\\\/#primaryimage\",\"url\":\"http:\\\/\\\/vaubanlabs.com\\\/wp-content\\\/uploads\\\/2024\\\/01\\\/illustration-architecture-1024x1015.png\",\"contentUrl\":\"http:\\\/\\\/vaubanlabs.com\\\/wp-content\\\/uploads\\\/2024\\\/01\\\/illustration-architecture-1024x1015.png\"},{\"@type\":\"BreadcrumbList\",\"@id\":\"https:\\\/\\\/vaubanlabs.com\\\/index.php\\\/notre-expertise\\\/#breadcrumb\",\"itemListElement\":[{\"@type\":\"ListItem\",\"position\":1,\"name\":\"Home\",\"item\":\"https:\\\/\\\/vaubanlabs.com\\\/\"},{\"@type\":\"ListItem\",\"position\":2,\"name\":\"A propos de nous\"}]},{\"@type\":\"WebSite\",\"@id\":\"https:\\\/\\\/vaubanlabs.com\\\/#website\",\"url\":\"https:\\\/\\\/vaubanlabs.com\\\/\",\"name\":\"VaubanLabs\",\"description\":\"L&#039;architecte de vos solutions\",\"publisher\":{\"@id\":\"https:\\\/\\\/vaubanlabs.com\\\/#organization\"},\"potentialAction\":[{\"@type\":\"SearchAction\",\"target\":{\"@type\":\"EntryPoint\",\"urlTemplate\":\"https:\\\/\\\/vaubanlabs.com\\\/?s={search_term_string}\"},\"query-input\":{\"@type\":\"PropertyValueSpecification\",\"valueRequired\":true,\"valueName\":\"search_term_string\"}}],\"inLanguage\":\"fr-FR\"},{\"@type\":\"Organization\",\"@id\":\"https:\\\/\\\/vaubanlabs.com\\\/#organization\",\"name\":\"VaubanLabs\",\"url\":\"https:\\\/\\\/vaubanlabs.com\\\/\",\"logo\":{\"@type\":\"ImageObject\",\"inLanguage\":\"fr-FR\",\"@id\":\"https:\\\/\\\/vaubanlabs.com\\\/#\\\/schema\\\/logo\\\/image\\\/\",\"url\":\"https:\\\/\\\/vaubanlabs.com\\\/wp-content\\\/uploads\\\/2024\\\/01\\\/cropped-Capture-decran-2024-01-27-a-14.43.17-3.png\",\"contentUrl\":\"https:\\\/\\\/vaubanlabs.com\\\/wp-content\\\/uploads\\\/2024\\\/01\\\/cropped-Capture-decran-2024-01-27-a-14.43.17-3.png\",\"width\":512,\"height\":512,\"caption\":\"VaubanLabs\"},\"image\":{\"@id\":\"https:\\\/\\\/vaubanlabs.com\\\/#\\\/schema\\\/logo\\\/image\\\/\"},\"sameAs\":[\"https:\\\/\\\/x.com\\\/vaubanlabs\"]}]}<\/script>\n<!-- \/ Yoast SEO plugin. -->","yoast_head_json":{"title":"A propos de nous - VaubanLabs","description":"r\u00e9sum\u00e9 de notre expertise et en quoi nous pouvons vous aider \u00e0 trouver des solutions concr\u00e8tes pour d\u00e9velopper et optimiser votre entreprise","robots":{"index":"index","follow":"follow","max-snippet":"max-snippet:-1","max-image-preview":"max-image-preview:large","max-video-preview":"max-video-preview:-1"},"canonical":"https:\/\/vaubanlabs.com\/index.php\/notre-expertise\/","og_locale":"fr_FR","og_type":"article","og_title":"A propos de nous - VaubanLabs","og_description":"r\u00e9sum\u00e9 de notre expertise et en quoi nous pouvons vous aider \u00e0 trouver des solutions concr\u00e8tes pour d\u00e9velopper et optimiser votre entreprise","og_url":"https:\/\/vaubanlabs.com\/index.php\/notre-expertise\/","og_site_name":"VaubanLabs","article_modified_time":"2024-04-25T10:27:06+00:00","og_image":[{"url":"http:\/\/vaubanlabs.com\/wp-content\/uploads\/2024\/01\/illustration-architecture-1024x1015.png","type":"","width":"","height":""}],"twitter_card":"summary_large_image","twitter_site":"@vaubanlabs","twitter_misc":{"Dur\u00e9e de lecture estim\u00e9e":"2 minutes"},"schema":{"@context":"https:\/\/schema.org","@graph":[{"@type":"WebPage","@id":"https:\/\/vaubanlabs.com\/index.php\/notre-expertise\/","url":"https:\/\/vaubanlabs.com\/index.php\/notre-expertise\/","name":"A propos de nous - VaubanLabs","isPartOf":{"@id":"https:\/\/vaubanlabs.com\/#website"},"primaryImageOfPage":{"@id":"https:\/\/vaubanlabs.com\/index.php\/notre-expertise\/#primaryimage"},"image":{"@id":"https:\/\/vaubanlabs.com\/index.php\/notre-expertise\/#primaryimage"},"thumbnailUrl":"http:\/\/vaubanlabs.com\/wp-content\/uploads\/2024\/01\/illustration-architecture-1024x1015.png","datePublished":"2024-02-22T15:43:44+00:00","dateModified":"2024-04-25T10:27:06+00:00","description":"r\u00e9sum\u00e9 de notre expertise et en quoi nous pouvons vous aider \u00e0 trouver des solutions concr\u00e8tes pour d\u00e9velopper et optimiser votre entreprise","breadcrumb":{"@id":"https:\/\/vaubanlabs.com\/index.php\/notre-expertise\/#breadcrumb"},"inLanguage":"fr-FR","potentialAction":[{"@type":"ReadAction","target":["https:\/\/vaubanlabs.com\/index.php\/notre-expertise\/"]}]},{"@type":"ImageObject","inLanguage":"fr-FR","@id":"https:\/\/vaubanlabs.com\/index.php\/notre-expertise\/#primaryimage","url":"http:\/\/vaubanlabs.com\/wp-content\/uploads\/2024\/01\/illustration-architecture-1024x1015.png","contentUrl":"http:\/\/vaubanlabs.com\/wp-content\/uploads\/2024\/01\/illustration-architecture-1024x1015.png"},{"@type":"BreadcrumbList","@id":"https:\/\/vaubanlabs.com\/index.php\/notre-expertise\/#breadcrumb","itemListElement":[{"@type":"ListItem","position":1,"name":"Home","item":"https:\/\/vaubanlabs.com\/"},{"@type":"ListItem","position":2,"name":"A propos de nous"}]},{"@type":"WebSite","@id":"https:\/\/vaubanlabs.com\/#website","url":"https:\/\/vaubanlabs.com\/","name":"VaubanLabs","description":"L&#039;architecte de vos solutions","publisher":{"@id":"https:\/\/vaubanlabs.com\/#organization"},"potentialAction":[{"@type":"SearchAction","target":{"@type":"EntryPoint","urlTemplate":"https:\/\/vaubanlabs.com\/?s={search_term_string}"},"query-input":{"@type":"PropertyValueSpecification","valueRequired":true,"valueName":"search_term_string"}}],"inLanguage":"fr-FR"},{"@type":"Organization","@id":"https:\/\/vaubanlabs.com\/#organization","name":"VaubanLabs","url":"https:\/\/vaubanlabs.com\/","logo":{"@type":"ImageObject","inLanguage":"fr-FR","@id":"https:\/\/vaubanlabs.com\/#\/schema\/logo\/image\/","url":"https:\/\/vaubanlabs.com\/wp-content\/uploads\/2024\/01\/cropped-Capture-decran-2024-01-27-a-14.43.17-3.png","contentUrl":"https:\/\/vaubanlabs.com\/wp-content\/uploads\/2024\/01\/cropped-Capture-decran-2024-01-27-a-14.43.17-3.png","width":512,"height":512,"caption":"VaubanLabs"},"image":{"@id":"https:\/\/vaubanlabs.com\/#\/schema\/logo\/image\/"},"sameAs":["https:\/\/x.com\/vaubanlabs"]}]}},"jetpack_sharing_enabled":true,"_links":{"self":[{"href":"https:\/\/vaubanlabs.com\/index.php\/wp-json\/wp\/v2\/pages\/121","targetHints":{"allow":["GET"]}}],"collection":[{"href":"https:\/\/vaubanlabs.com\/index.php\/wp-json\/wp\/v2\/pages"}],"about":[{"href":"https:\/\/vaubanlabs.com\/index.php\/wp-json\/wp\/v2\/types\/page"}],"author":[{"embeddable":true,"href":"https:\/\/vaubanlabs.com\/index.php\/wp-json\/wp\/v2\/users\/2"}],"replies":[{"embeddable":true,"href":"https:\/\/vaubanlabs.com\/index.php\/wp-json\/wp\/v2\/comments?post=121"}],"version-history":[{"count":9,"href":"https:\/\/vaubanlabs.com\/index.php\/wp-json\/wp\/v2\/pages\/121\/revisions"}],"predecessor-version":[{"id":255,"href":"https:\/\/vaubanlabs.com\/index.php\/wp-json\/wp\/v2\/pages\/121\/revisions\/255"}],"wp:attachment":[{"href":"https:\/\/vaubanlabs.com\/index.php\/wp-json\/wp\/v2\/media?parent=121"}],"curies":[{"name":"wp","href":"https:\/\/api.w.org\/{rel}","templated":true}]}}